k(v) = -3*v**3 + 6*v**2 + 9*v. Let q(a) = -11*k(a) - 2*r(a). What is q(t)?
-8
Let s(r) be the third derivative of r**7/840 + r**6/90 - r**5/40 + r**4/4 - r**3/6 + 3*r**2. Let q(m) be the first derivative of s(m). Give q(-5).
-4
Let u be (-3)/(-3) - (-1 + -1). Let n(b) = -b**2 + 5*b - 4. Let z be n(3). Let h(x) = -x - x + u*x + z. Determine h(0).
2
Let b(d) = 3*d**3 + 4*d**2 - 15*d + 5. Let f(m) = -5*m**3 - 9*m**2 + 29*m - 10. Let k(w) = -7*b(w) - 4*f(w). Determine k(7).
-23
Let r(u) = u - 1. Let k(l) = -8 + l**2 - l - 4*l - 2*l - 3*l. Let f be k(11). Let t(q) = 4*q - 3. Let w(h) = f*r(h) - t(h). Determine w(6).
-6
Suppose 5*f - 4 - 16 = 0. Suppose 2*x + f*q - 2 = 12, 2*x - 3*q + 7 = 0. Let i(u) = -u + 1. Give i(x).
0
Let y be 9/(-6) + (-11)/(-2). Suppose -s + c - 21 = -4*s, -y*c = -12. Let g(i) = -i**2 + 4*i + 6. Determine g(s).
-6
Let n = -1 + 3. Let q be (2/(-1))/(n/4). Let b(h) = h**3 - h**2 + 0*h**2 - 3*h**2 - 2 - 2*h**3. Give b(q).
-2
Let j(g) = 2*g**2 - 7*g + 5. Suppose 7*k - 28 + 0 = 0. Calculate j(k).
9
Let f(q) = -q**2 + q + 11 + 15 - 29. Give f(4).
-15
Let f(b) be the second derivative of -b**3/3 - b**2/2 + b. Suppose o = -3*u - 2*o - 3, -3*u - 5 = o. Calculate f(u).
3
Let m(j) = -5*j + 1. Let f(x) = 9*x - 2. Let a(y) = -6*f(y) - 11*m(y). Suppose -2*k + 2*t - 22 = 3*k, 0 = k - 4*t - 10. Determine a(k).
-5
Let n(j) be the third derivative of -j**6/144 - j**5/120 + j**4/12 + j**2. Let y(p) be the second derivative of n(p). Suppose 0 = -10*l + 13 - 3. Give y(l).
-6
Let m be (2 - 6)/(-1) - -2. Let l(x) = -7*x**2 + 6*x + 3. Let d(z) = 15*z**2 - 13*z - 6. Let y = -17 - -30. Let k(o) = m*d(o) + y*l(o). What is k(3)?
-6
Let b(x) = -x**2 + 3*x + 3. Let p = 0 + 2. Suppose 2 - 7 = 2*j - 5*l, p*j - l - 7 = 0. Calculate b(j).
-7
Suppose -36*m + 35*m = 4. Let a(w) = 2*w + 2. Give a(m).
-6
Suppose 0 = 2*u - 6*u + 12. Let h(c) be the third derivative of -c**4/6 + 2*c**3/3 - 287*c**2. What is h(u)?
-8
Let w = -235 - -233. Let o(k) be the third derivative of -k**5/30 + k**4/12 + k**3/6 - k**2. Calculate o(w).
-11
Let m(x) = -x + 9. Let h(l) = -l + 1. Let z(v) = 2*h(v) - m(v). Calculate z(-7).
0
Let y(a) = a**2 - 9*a + 4. Let p be y(9). Let c be 4*((-11)/p - -2). Let o(d) = -d**2 - 3*d + 3. Give o(c).
3
Suppose -h + 5 - 1 = 0. Suppose p = -i - h, 3*p + 2*i = -7 - 1. Let f(s) = -s - 3. Let m be f(p). Let v(o) = -o**3 - 2*o**2 + 2*o + 3. Calculate v(m).
6
Let v be (8/(-3))/((-57)/(-9) - 6). Let n(r) = r**3 + 7*r**2 - 9*r - 9. Determine n(v).
-1
Let x be 46/(-6) - 6/18. Let g = -15 - x. Let s = -3 - g. Let y(r) = -r**3 + 3*r**2 + r + 5. Give y(s).
-7
Let g(u) be the third derivative of 0*u**4 + 0 + 1/6*u**3 + 0*u - 1/15*u**6 - 6*u**2 + 0*u**5. Determine g(-1).
9
Let l(b) = b - 1. Let y(h) = 2*h - 12. Let i(c) = -5*l(c) + y(c). Suppose 0 = -6*g - g - 35. Give i(g).
8
Suppose -10 = -4*r + 3*h, 2*h = -2*r + 5*h + 8. Let f(k) = -2*k + 6. Let a(t) = 3*t - 5. Let w(l) = 5*a(l) + 4*f(l). Determine w(r).
6
Let n(o) be the third derivative of -o**4/24 - 17*o**3/6 + 30*o**2. What is n(-13)?
-4
Let c(q) = q**3 + 7*q**2 + 6. Let k be c(-7). Let l(f) = -f**2 + 8*f - 6. What is l(k)?
6
Suppose -u + 39 = 2*u. Let z = u - 8. Let p(m) be the second derivative of -m**4/12 + m**3/2 + 3*m**2/2 - m - 49. Determine p(z).
-7
Let n(l) = l**3 + 6*l**2 + 3*l + 1. Suppose 3*v + 0*s + 2*s = 8, 4*s = -5*v + 16. Suppose v = m + 5*r + 25, -2*m + 3*m = 4*r + 11. What is n(m)?
11
Suppose 5*r = -3*u - 35, -2*u = -5*u + 15. Let n be (-9)/6*r/3. Let q(l) = -l - 1. Let j(v) = 4*v + 1. Let i(x) = -j(x) - 3*q(x). What is i(n)?
-3
Suppose 12 = 4*a - 0, -b + 4*a = 0. Let i = b - 6. Let o be (-5)/(10/i) - -7. Let l(x) = x**2 - 2*x + 3. Give l(o).
11
Let h(y) = -89 + 45 + 45 + 0*y - 4*y. Give h(-1).
5
Let u(l) = -2*l + 1. Let v be (7 + -1)*14/21. Let r be v/(-6)*6/4. Give u(r).
3
Let k(s) = -2*s**2 + 3*s + 4. Let z(b) = -b**2 + 2*b + 2. Let n(v) = -4*k(v) + 9*z(v). Calculate n(6).
2
Let i(n) = -n**3 - 3*n**2 - n + 1. Let k be i(-2). Let l be 1/(k/(-2)) - 1. Let c(s) = -2*s - l + 4*s - s. Calculate c(3).
2
Let w = 1 - 1. Let x(f) = f**3 + 3*f**2 - 4*f + 11. Let y(c) = -c**2 + c - 1. Let d(n) = -x(n) - 3*y(n). Determine d(w).
-8
Let y be (-3 + 0)/((-3)/2). Let i be 1*2*(y + -1). Suppose -3*w + 10 = -i. Let z(j) = j + 1. What is z(w)?
5
Let p be (-9)/((-2 + 3)*-1). Suppose 2*n + p = -3. Let k(r) = r**3 + 6*r**2 + r + 7. Give k(n).
1
Suppose -5*l - 5 = -0. Let t(y) = y**3 - y - 1. Determine t(l).
-1
Let s(o) = -o**2 + 6*o + 4. Let h = 0 - -6. What is s(h)?
4
Let n = -1 + 1. Let x(k) = -k**2 + 4*k + 6. Let b(y) = 7*y - 9*y + y. Let m(z) = 5*b(z) + x(z). Calculate m(n).
6
Let i(q) = q**3 - 3*q**2 + q - 1. Let w(n) = n**3 + 7*n**2 - 8*n + 3. Let f be w(-8). Calculate i(f).
2
Let n = -9 + 11. Let q(z) be the second derivative of 1/6*z**3 + 0 - z**2 + n*z. Determine q(-2).
-4
Let c(u) be the second derivative of -u**6/240 - u**5/60 + u**4/4 + 4*u. Let p(k) be the third derivative of c(k). Determine p(3).
-11
Let u(b) be the first derivative of -b**5/10 + b**4/12 - b**3/6 + 3*b**2 - 3. Let h(x) be the second derivative of u(x). Let f = -1 + 2. Give h(f).
-5
Let i(k) = -k**3 - 4*k**2 + 3*k + 5. Suppose -2*c = 10 - 2. Calculate i(c).
-7
Let o = 13 - 11. Let b(r) = r**2 - 2*r**o - 2*r**3 - r**3 + 0*r**2. Determine b(-1).
2
Let x(p) = -8*p**3 - 2*p**2 - 2*p - 1. Let a be x(-1). Let m = a + -1. Let r(s) = -s + 10. Determine r(m).
4
Let n(i) be the second derivative of i**6/30 + i**4/24 + i**3/6 + i**2 + 4*i. Let m(o) be the first derivative of n(o). Determine m(-1).
-4
Let m be 1 - (-1)/(-3)*0. Let y(w) = 3*w**2 + w + 3 - 2*w - m - 3. What is y(-1)?
3
Let j be 3/1*(3 + -4). Let z = j - -5. Let k(p) = -7 + 3*p - p**3 + 0*p + 4*p**2 - 8*p**z. What is k(-5)?
3
Let m = 5 - 2. Let w = m - 0. Let y(c) = c**3 - c**2 - 3*c - 4. Calculate y(w).
5
Let x(w) = w**3 - 6*w**2 + 3*w. Suppose 16 = -3*z + 5*z. Let r be (8 + -4)*10/z. Determine x(r).
-10
Suppose w + 2*b - 17 = -b, 3*b - 9 = 0. Let z be w/(-36) + (-40)/(-18). Let n(c) = -c**3 + 2*c**2 - 2*c + 2. What is n(z)?
-2
Let z(c) = -4*c**2 + 2*c + 2. Let u be z(2). Let a be (u/(-4) + -3)*0. Let h(x) = x - 3. Let p be h(a). Let s(j) = j**3 + 2*j**2 - 4*j - 1. Determine s(p).
2
Suppose -14 = h + w - 5, w = -4. Let n(m) = m**2 + 7*m - 3. Calculate n(h).
-13
Let v = -80 - -82. Let f(i) = -5*i - 1. Calculate f(v).
-11
Let u(g) = -3 + 6 + g**2 - 4 - 2*g + 0*g**2. Let i be ((-1)/(-2))/(2/24). Let r = -3 + i. What is u(r)?
2
Let y(t) = t**3 - 5*t**2 + t + 7. Let z = -46 - -51. Determine y(z).
12
Let r(u) be the first derivative of -2*u + 2*u**2 - 4 + 1/3*u**3. Determine r(-4).
-2
Let d(n) = -n. Let s(i) = -5*i. Let u(z) = -6*d(z) + s(z). Let v = -9 - -5. Determine u(v).
-4
Let w(l) = l**2 + 3*l - 1. Let d = 4 + -6. Let n be w(d). Let f(b) = -2*b + 1. What is f(n)?
7
Let k(l) = l + 5. Let b(v) = -v. Let w(r) = -2*b(r) - k(r). What is w(-4)?
-9
Let r(i) be the third derivative of -i**4/12 + i**3/6 + i**2. Suppose k = -0*k. Suppose 0 = 3*a - a - 4*y - 10, k = -2*a - 4*y - 22. Calculate r(a).
7
Let g(s) be the third derivative of -1/24*s**4 + 0 + 0*s**3 + s**2 - 7/60*s**5 + 0*s. What is g(1)?
-8
Let h(x) = -3*x + 10. Let k be h(4). Let c(s) = -3*s - 5. Let i(d) = 2*d + 3. Let b(v) = 6*c(v) + 11*i(v). Determine b(k).
-5
Let w(f) = 2*f + 5. Let l(o) = o**2 + 16. Let h be l(0). Suppose -2*b = -0*b - h. Suppose -n = n + b. Give w(n).
-3
Let y(m) = 2*m**2 + 3*m. Let h(g) = g**3 + 4*g**2 - 3*g + 6. Let a be h(-5). Determine y(a).
20
Let k(j) = 3*j - 1. Let p(n) = 3*n - 2. Let w(z) = 3*k(z) - 4*p(z). Calculate w(6).
-13
Let t(b) = -b + 2. Let x be t(-7). Suppose -11 = 4*v + x. Let f = -3 - v. Let o(h) = -2*h**3 + 2*h**2 + 2*h - 3. Determine o(f).
-7
Let m(v) be the third derivative of v**7/840 - v**6/120 - v**5/120 - v**4/12 - 7*v**3/6 - 6*v**2. Let k(w) be the first derivative of m(w). Calculate k(2).
-8
Let m(v) = -v**2 + 2*v**2 - 3*v + 6 + 4*v. Let z be (-2)/4 + 3/(-6). Let u be (-2 - -1)*(z - -1). What is m(u)?
6
Let k(y) be the first derivative of 1/2*y**2 + 0*y - 1. Suppose -20 = 2*s + 3*s. What is k(s)?
-4
Let d(q) be the second derivative of q**3/6 + q**2/2 + 8*q. What is d(4)?
5
Let d = -3 - -8. Let c be (-18)/(-30) + 2/d. Let z(i) = 4*i - 3 - 10*i + 2. Calculate z(c).
-7
Let l